Is 762232845 a multiple of 41?
True
Is 2252199453 a multiple of 89?
False
Is 18 a factor of 67237197?
False
Is 38 a factor of 1523705874?
True
Does 8 divide 352359105?
False
Does 172 divide 269884512?
True
Is 15 a factor of 56586750?
True
Does 29 divide 69183963?
False
Is 210 a factor of 4362027383?
False
Does 7545 divide 704832764?
False
Is 159 a factor of 88183626?
True
Is 477300071 a multiple of 23?
True
Does 33 divide 537827500?
False
Is 40739664 a multiple of 1582?
True
Does 253 divide 56124260?
False
Does 101 divide 39462302?
False
Does 41 divide 43960536?
False
Is 462 a factor of 814867?
False
Is 393 a factor of 143919737?
False
Is 180 a factor of 365380920?
True
Does 329 divide 172173596?
True
Is 1354658113 a multiple of 5241?
False
Is 447 a factor of 120152706?
True
Does 47 divide 75641495?
False
Does 24 divide 147830808?
True
Is 110583660 a multiple of 12?
True
Does 5 divide 118844761?
False
Is 365834070 a multiple of 30?
True
Is 39593477 a multiple of 95?
False
Is 1045 a factor of 19082576?
False
Does 5 divide 3222363?
False
Is 5 a factor of 9719380?
True
Does 23 divide 437152375?
True
Does 179 divide 6103758?
False
Is 1388568479 a multiple of 10536?
False
Is 803628036 a multiple of 12?
True
Is 2980 a factor of 250373640?
True
Is 935076087 a multiple of 9?
True
Is 9036 a factor of 199680314?
False
Does 53 divide 7477117?
False
Is 55 a factor of 15821025?
True
Is 622 a factor of 31517605?
False
Does 71 divide 1031412993?
False
Is 556 a factor of 343499024?
True
Is 29008580 a multiple of 162?
False
Does 4048 divide 114971296?
True
Is 52594920 a multiple of 972?
True
Does 371 divide 2590666620?
False
Is 2095642472 a multiple of 1484?
True
Is 1038750894 a multiple of 18?
True
Is 114 a factor of 25278342?
False
Does 248 divide 706044416?
False
Is 14 a factor of 58029787?
False
Does 814 divide 20594200?
True
Does 612 divide 839567960?
False
Does 9 divide 620521614?
True
Does 656 divide 5391208736?
True
Is 762 a factor of 29401008?
True
Is 18 a factor of 208527912?
True
Does 81 divide 2109726?
True
Does 14 divide 123411120?
True
Is 62973153 a multiple of 12?
False
Is 1838228855 a multiple of 23?
False
Is 955372400 a multiple of 20?
True
Is 112528053 a multiple of 775?
False
Is 157 a factor of 2681717?
True
Is 40052646 a multiple of 2040?
False
Is 558 a factor of 165212082?
True
Is 1841 a factor of 69431859?
False
Does 41 divide 142978517?
False
Is 767390 a multiple of 6?
False
Does 6 divide 3063914?
False
Is 537972792 a multiple of 1117?
False
Does 29 divide 3857355308?
True
Does 13 divide 103709815?
False
Is 60 a factor of 315452061?
False
Is 730 a factor of 539509958?
False
Is 558089033 a multiple of 78?
False
Is 120210315 a multiple of 599?
True
Is 79957991 a multiple of 1319?
False
Is 38615472 a multiple of 144?
True
Is 13 a factor of 169837412?
False
Is 191578085 a multiple of 29?
False
Is 40406833 a multiple of 173?
False
Is 16289401 a multiple of 16?
False
Does 4087 divide 11075770?
True
Is 8 a factor of 399480629?
False
Is 866624794 a multiple of 562?
True
Is 620525031 a multiple of 157?
False
Is 21732840 a multiple of 27?
True
Is 37 a factor of 198151884?
False
Is 3454 a factor of 895636016?
True
Does 8 divide 225817816?
True
Is 148682758 a multiple of 2469?
False
Is 536 a factor of 5003603261?
False
Is 472383921 a multiple of 90?
False
Is 331 a factor of 154427974?
False
Does 329 divide 8493058?
False
Is 862 a factor of 25690705?
False
Does 102 divide 108515188?
False
Does 1750 divide 1020843084?
False
Is 815407147 a multiple of 9?
False
Is 611564734 a multiple of 195?
False
Does 9605 divide 1291864687?
False
Is 6645450 a multiple of 15?
True
Does 2 divide 11344471?
False
Does 645 divide 756585?
True
Does 2 divide 18112998?
True
Is 1006025328 a multiple of 22?
True
Is 452790634 a multiple of 13?
False
Is 22117779 a multiple of 1035?
False
Is 871641816 a multiple of 5406?
True
Is 5167 a factor of 1157549988?
False
Does 234 divide 138583224?
True
Is 2312848 a multiple of 8?
True
Is 45 a factor of 28765659?
False
Is 23 a factor of 1369784251?
True
Is 2521595 a multiple of 127?
False
Is 12 a factor of 706817128?
False
Is 501 a factor of 19091181?
False
Is 22871970 a multiple of 135?
True
Is 110680502 a multiple of 2006?
False
Is 149937162 a multiple of 335?
False
Does 6 divide 85898175?
False
Is 39 a factor of 2633075008?
False
Is 3381 a factor of 43364706?
True
Is 19 a factor of 547210830?
True
Is 1404402840 a multiple of 932?
True
Does 10 divide 145817760?
True
Is 26 a factor of 83297890?
True
Is 451 a factor of 21330947?
True
Does 34 divide 100896222?
False
Is 33 a factor of 43646196?
True
Does 1671 divide 23267004?
True
Does 709 divide 303682425?
True
Does 499 divide 194358025?
False
Does 83 divide 2079156798?
False
Does 122 divide 240527616?
False
Is 65479546 a multiple of 17?
True
Is 315398188 a multiple of 11?
False
Is 175 a factor of 525774021?
False
Does 182 divide 43923698?
True
Is 1315070145 a multiple of 209?
False
Is 360700758 a multiple of 2178?
True
Is 744 a factor of 61196175?
False
Is 1150489260 a multiple of 10?
True
Is 1845 a factor of 611776608?
False
Is 112817046 a multiple of 3309?
True
Is 963430617 a multiple of 1087?
False
Does 998 divide 2049747290?
True
Does 5 divide 73998026?
False
Is 23435777 a multiple of 1967?
False
Is 34 a factor of 372253135?
False
Is 1440237 a multiple of 69?
True
Does 14 divide 128354895?
False
Is 51952080 a multiple of 15?
True
Is 2174194 a multiple of 407?
True
Is 1556 a factor of 6457972956?
False
Is 135483462 a multiple of 90?
False
Is 31263710 a multiple of 379?
True
Does 27 divide 1810863?
True
Does 12267 divide 699686359?
False
Is 11 a factor of 32114203?
True
Is 3598 a factor of 409592722?
True
Is 1136 a factor of 7130380?
False
Is 20202551 a multiple of 571?
True
Is 39352637 a multiple of 499?
True
Does 394 divide 37658126?
True
Is 19 a factor of 50685977?
True
Does 7 divide 47902814?
False
Does 37 divide 110147989?
False
Is 129975619 a multiple of 45?
False
Does 18 divide 1202758665?
False
Is 34398729 a multiple of 118?
False
Does 835 divide 62340265?
True
Does 8 divide 12613509?
False
Is 81 a factor of 21366423?
True
Is 580 a factor of 51828220?
True
Does 4855 divide 1525402160?
True
Is 67 a factor of 3575599787?
True
Does 6155 divide 702624025?
True
Is 17 a factor of 3017844?
False
Does 66 divide 8864790?
True
Does 612 divide 533199492?
True
Is 483923275 a multiple of 6395?
False
Is 960 a factor of 207887040?
True
Is 10130018 a multiple of 626?
False
Is 105 a factor of 111281834?
False
Is 13 a factor of 79495197?
False
Does 537 divide 181120434?
True
Is 623081145 a multiple of 3537?
False
Does 4722 divide 382968366?
True
Is 335 a factor of 101881875?
True
Does 494 divide 54466464?
True
Does 20 divide 497713460?
True
Is 62298972 a multiple of 18?
True
Does 3 divide 9162935?
False
Does 88 divide 187668712?
True
Does 52 divide 367991740?
False
Is 105737951 a multiple of 1198?
False
Is 69643905 a multiple of 1781?
False
Does 30 divide 3775466?
False
Does 51 divide 152255319?
False
Is 67634671 a multiple of 207?
False
Does 28 divide 655851468?
False
Is 95 a factor of 139335930?
True
Does 207 divide 226477665?
True
Does 1698 divide 24415542?
True
Is 97 a factor of 135162516?
True
Is 2 a factor of 26841249?
False
Does 2279 divide 151917365?
False
Does 918 divide 174964882?
False
Does 281 divide 408252292?
False
Is 17212633 a multiple of 353?
True
Does 1162 divide 362385968?
True
Does 17 divide 369935980?
True
Is 174667198 a multiple of 143?
False
Does 1329 divide 456302341?
False
Does 25 divide 105391675?
True
Is 224 a factor of 1434354656?
True
Is 4146 a factor of 110797704?
True
Does 7 divide 366162315?
False
Is 29 a factor of 229567596?
True
Is 9582 a factor of 68590058?
False
Is 126343610 a multiple of 10?
True
Is 501880429 a multiple of 21?
False
Is 1868 a factor of 55959676?
True
Is 2 a factor of 163576916?
True
Does 1163 divide 319353985?
True
Does 1439 divide 869583383?
True
Is 16 a factor of 721069600?
True
Is 2283 a factor of 22601976?
False
Does 800 divide 1340961157?
False
Is 13136773 a multiple of 837?
False
Is 21 a factor of 7841064?
True
Is 589 a factor of 120173081?
True
Does 6 divide 6088554?
True
Does 28 divide 1468232850?
False
Is 3139 a factor of 1176166